((-103)/515) prime?
False
Is ((-21)/(-3))/(3/159 - 0) a prime number?
False
Let n = -47184 + 109643. Is n a composite number?
False
Let a = 7267 + -4254. Is a prime?
False
Let h = 48 - 52. Is (3 - h - 3) + 1051 a composite number?
True
Let k = 14224 + 28783. Is k composite?
True
Let z = 9 + -3. Let k be (-8 + 3)/(((-12)/(-4))/(-15)). Let s = z + k. Is s a composite number?
False
Let m = -3481 - -17850. Is m a prime number?
True
Let i(z) be the second derivative of 47*z**6/90 + z**5/60 + z**4/24 - 4*z**3/3 + 9*z. Let f(y) be the second derivative of i(y). Is f(-1) composite?
True
Let v = 22067 - -2862. Is v composite?
True
Suppose -t + 50 = 2*w, 0 = -2*w - 0*t - 3*t + 54. Is 1487/4 + (-18)/w composite?
True
Suppose x - 3*y - 11658 = -383, -4*y = -3*x + 33845. Is x a composite number?
False
Let r = 4316 + 1031. Is r prime?
True
Let n(j) = -2*j**3 + 4*j**2 - 2*j**2 + 10*j - 15*j**2 - 4 + 2*j**2. Let g be n(-9). Suppose 0*r - 3*h + g = r, -r + h = -481. Is r composite?
False
Let s(w) = -2 - 2*w - 1 - 5*w - w**2 + 2*w. Let t be s(-3). Suppose -5*a = m + 215 - 626, t*a - 233 = -4*m. Is a composite?
False
Suppose 2*i - 5*j = -2*i + 2988, 3*i - 4*j - 2240 = 0. Is i/2 + 12/4 composite?
False
Let z = -1904 + 4744. Suppose 0*q = 2*q - 2*a - z, 5*a - 1438 = -q. Is q composite?
False
Let c(q) = -315*q - 6. Let s(v) = 1576*v + 31. Let a(b) = 11*c(b) + 2*s(b). Is a(-5) a prime number?
False
Let g be (-3)/(-9) - (-22)/6. Suppose -6 = 4*m - g*n - 2, 3*m = 2*n. Is 41/m*(0 - -4) a prime number?
False
Let u be 8/4*(1 - -6). Let f(t) = 21*t**2 + 2*t + 9. Is f(u) prime?
True
Suppose 2*b + z + 257 = 2975, -4*b - 4*z + 5428 = 0. Is b composite?
False
Let v(p) = -p**2 + p - 1. Let k(w) = -5*w**2 + 14*w - 22. Let y(r) = -r**2. Let o(g) = k(g) + 2*y(g). Let d(a) = -o(a) + 5*v(a). Is d(10) prime?
True
Let k = -2175 - -3134. Suppose -9*i + 7*i + k = 5*w, 5*i - 3*w - 2320 = 0. Is i prime?
True
Let q(z) be the first derivative of 1/4*z**4 - 4/3*z**3 - 3 + 8*z - 5*z**2. Is q(7) a composite number?
True
Let h = 931 - -864. Suppose -5*l = 3*o - 8*o + h, -8 = 2*l. Is o a composite number?
True
Let r = 40043 - 20938. Is r a prime number?
False
Is -2 + ((-1)/(-3))/(1/6489) a composite number?
False
Let h = 18 - 16. Suppose 0 = 5*g - 5*m - 2095, m - 6*m = -h*g + 838. Is g prime?
True
Let i = 16395 + -4618. Is i a prime number?
True
Let k be (-5)/(-2) + 2/4. Let z = k - 3. Suppose z = -0*l - 2*l + 218. Is l a composite number?
False
Let s = 2 + -2. Suppose s = -2*w - 3*c + 16, 0 = w - 4*c - 0*c - 8. Is (w/(-20))/(3/(-3765)) composite?
True
Let q be (-8)/(4*2/(-4)). Suppose q*v = -2*h + 482, h - v = -2*h + 758. Is h a prime number?
True
Let z be -1 + 3 - 55/5. Is (-4363)/z - -2*(-1)/(-9) composite?
True
Suppose 6*n - 7188 = -0*n. Suppose -3*m - 4*f - f = -n, m - 381 = 2*f. Is m prime?
False
Suppose -13*o = 69*o - 656738. Is o a prime number?
True
Let v be 2/((-8)/(-52) - (-1688)/(-11141)). Let a = -390 + v. Is a a composite number?
False
Let t = 4184 + 2157. Is t a composite number?
True
Let w be (-39)/(-4) + 2/8. Let d(g) be the third derivative of g**4/6 + 3*g**3/2 - 355*g**2. Is d(w) prime?
False
Suppose 10*p - 10 = 1180. Is p a composite number?
True
Suppose 129643 + 261210 = 41*o. Is o a prime number?
True
Suppose -4*y - 28 = 2*i, y + 5 = -5*i - 20. Is ((-2315)/(-9) - i/(-18))*1 a composite number?
False
Suppose 13*d = 3072 - 251. Let i be ((-18)/(-4))/((-3)/72). Let l = i + d. Is l a composite number?
False
Let i be -2 - ((-10)/45 + 7/(-9)). Let x(f) = 662*f. Let h(k) = 993*k. Let a(m) = -5*h(m) + 7*x(m). Is a(i) a composite number?
False
Suppose -4046 = -2*i + 15756. Suppose 2*n = -4*s + 6*n + 9904, -4*s = -5*n - i. Is s a prime number?
False
Let u be (-3)/(12/(-364))*5. Let v = u + 263. Is v a prime number?
False
Suppose 25*z - 303814 = 11*z. Is z a composite number?
False
Let i(x) = x**2 - 2. Let o be i(2). Suppose 2*w - 9 = h, -17 = -o*w + 6*w + 5*h. Suppose w*d - 6*d = -1164. Is d a composite number?
True
Suppose -4*r + 139225 = 3*t, -4*r + 0*t = -t - 139229. Is r prime?
True
Let t = 154337 - 109176. Is t prime?
True
Let w be 2*(-259)/28*14. Suppose -n + 395 = -127. Let z = w + n. Is z prime?
True
Is (-5410)/5*(3 - (-14)/(-4)) a composite number?
False
Let s = 423 - 280. Let u = -79 + s. Let d = u - -23. Is d prime?
False
Suppose q = 2*z - 2799 + 315, 0 = -z + 3*q + 1252. Suppose -d = 2*d - 4*s - z, 796 = 2*d + 5*s. Suppose 10 = 2*j, 0 = -x + 2*x + j - d. Is x composite?
True
Let p(r) = -r - 8. Let h be p(-13). Suppose -3*q = 4*l - 7567, -445 + 13049 = h*q - l. Is q prime?
True
Let z be (-19 + 7)*(-141)/12. Is (-38)/((-1)/(z/6)) prime?
False
Is 4 + 182/(-49) + 277527/7 prime?
False
Suppose 0*b - 4*t = 2*b + 718, -2*b + 3*t - 683 = 0. Let n = b + 890. Is n prime?
True
Let o be 20/12 + 1/3. Is (-1)/(-2) + 501/o a prime number?
True
Let h(w) = -12*w**2 - 5*w. Let t(r) = -42*r**2 - 18*r. Let y(u) = 18*h(u) - 5*t(u). Let z be y(3). Is (-4278)/z + (-4)/18 composite?
False
Is (64/(-84))/8 - 168065/(-21) a composite number?
True
Let q(b) = 15*b**2 - 8*b - 16. Let t be q(8). Suppose 5*s + x = t, -6*s + s + x = -890. Is s prime?
False
Let d(f) be the third derivative of f**7/840 + f**6/120 - f**5/12 + f**4/12 - 7*f**2. Let s(r) be the second derivative of d(r). Is s(-13) a composite number?
False
Let i = 24 + -20. Suppose -2*m + 0*q = -q - 1224, -2*q + i = 0. Is m a prime number?
True
Let d(k) = -293*k - 18. Let g(x) = 879*x + 55. Let n(h) = -7*d(h) - 2*g(h). Is n(5) composite?
False
Is (-1)/2 + 844/(-24)*-411 a prime number?
False
Let x(o) = 2042*o**2 + 5. Is x(-2) a prime number?
False
Let u(m) = -17*m - 10. Let d = -7 - 6. Is u(d) prime?
True
Suppose -10*x + 0*x = -9*x. Is (x + -21)*(-59)/3 prime?
False
Let a(t) = -112*t + 1. Let m be a(-2). Suppose 65 + m = 5*k. Is k composite?
True
Let n = 57858 - -5679. Is n prime?
False
Let u be (-10*2/(-16))/((-3)/(-12)). Suppose 0 = -0*q - u*q + 3*l + 9713, -q - l + 1949 = 0. Is q a prime number?
False
Let b be -9*4/(-6) - 1. Suppose 2620 = 5*s - b*m, -5*m - 539 = -4*s + 1562. Is s a composite number?
True
Suppose -2*r - 3*r = 0, 4*b - 3*r = 20. Suppose b*f = -3*f + 7960. Is f composite?
True
Suppose -4*o - 1432 = -2*p, p - 701 = 3*o + 14. Is p a composite number?
True
Suppose 3*t + 2*j + 2*j - 24601 = 0, 3*t - 4*j - 24569 = 0. Is 0 + t/15*3 a composite number?
True
Suppose 4*l + 28 = 4*u, -3*l - 45 = -2*u - 3*u. Let r = -64 - u. Let g = 51 - r. Is g a prime number?
True
Suppose 2*s = -4*b + 1206, 4*s + 84*b = 80*b + 2432. Is s prime?
True
Let q(k) = -60*k - 9. Let a(l) = 240*l + 37. Let o(h) = -2*a(h) - 9*q(h). Suppose 5*w + 3 + 6 = 3*z, -5*w + 9 = 3*z. Is o(z) a composite number?
True
Let i(x) be the second derivative of 77*x**3/6 + 33*x**2/2 + 2*x. Let n be i(10). Let y = -480 + n. Is y a composite number?
True
Let z = 593 - 52. Suppose k = -94 + z. Is (k/(-9))/((-1)/3) a composite number?
False
Suppose 5*w + 29 = 2*n, -34 = -4*n - 0*w + 2*w. Suppose n*x = 8*x - 753. Is x composite?
True
Suppose 4085 + 7441 = 6*j. Is j a composite number?
True
Suppose -5*t + 9 = -21. Suppose -2*v = -g - 6, -2*g = v - 4*g - t. Suppose -3*j = v*j - 3715. Is j composite?
False
Let f(j) = -4*j**3 - j**2 + 20*j + 4. Is f(-5) prime?
True
Suppose 27*o - 41494 = -8635. Is o a prime number?
True
Let n(g) = g**3 + g + 4. Let q be n(0). Is 164 + (0 - -3 - q) prime?
True
Suppose 4*a = 2*t - 200, 5*a + 247 + 238 = 5*t. Let d = 33 + t. Is d a composite number?
False
Is -1115*(27/(-15) + -4) a composite number?
True
Let v be 1/6 - (-19230)/(-36). Let j = v + 1023. Is j a composite number?
True
Let o = 2537 - -834. Is o a composite number?
False
Let y(j) = 497*j + 12. Let h be y(-8). Is (-1)/((-3960)/h - 1) composite?
False
Let n(v) = v**2 + 22*v + 45. Let w be n(-19). Is 956*(4 - (-27)/w) a prime number?
False
Let r(y) = -y. Let x(n) = -n**2 - 5*n + 13. Let q be x(-7). Let h(w) = -523*w - 1. Let b(l) = q*h(l) + 3*r(l). Is b(1) a composite number?
False
Suppose 5*m - 3*b = 52123, -110*m - 52131 = -115*m + b. Is m composite?
False
Let g be 24620/(-80) - 2/8. Let s be 12*44 - 2/(-2). Let x = g + s. Is x a prime number?
False
Suppose 5*n + 79541 = 4*i, 4*i + 5*n - 79562 = 3*n. Is i prime?
True
Let h = 14 + -18. Let x(y) = y**2 + 5*y + 7. Let m be x(h). Suppose -m*s +